6)/(-2). Let n = i - t. What is the greatest common divisor of n and 12?
4
Let b be (-7)/14*4/1. Let y be b + -1 + (2 - -15). Let t be ((-280)/(-100))/(2/110). What is the highest common factor of y and t?
14
Suppose 5*g = -2*g + 182. Let k = g - -38. What is the highest common factor of 4 and k?
4
Let j(h) = -8*h + 1 - 3 + 3*h. Let s be j(-13). Calculate the greatest common factor of 9 and s.
9
Let p = -7 - -17. Let q be (-1 - -4)/(3/p). Let b(c) = 25*c**2 + 13*c - 13. Let s be b(1). What is the greatest common divisor of q and s?
5
Let y(r) = -r**2 - 32*r - 165. Let b be y(-19). What is the greatest common factor of b and 328?
82
Let g be 46 - (-8 - -4 - -2). What is the highest common factor of 60 and g?
12
Let z = -16 + 31. Suppose -3*x + z = 4*o, -5*o + x + 27 = -o. Suppose o*c - 170 = 4*c. What is the greatest common factor of c and 34?
17
Let j(q) = -q**3 - 2*q**2 + 2*q - 1. Let z be j(-3). Suppose -z*w = -2*m + 396, -206 = -m + w - 4*w. Calculate the highest common divisor of 40 and m.
40
Let n = 3296 - 1450. What is the highest common factor of n and 26?
26
Let n(w) = 4*w**3 + 0*w**3 - 5 - 3*w**3 - 6*w**2 + 0 - 4*w. Let j be 1 - (-88)/14 - (-4)/(-14). Let q be n(j). What is the highest common factor of q and 32?
16
Let k(p) = -34*p - 17. Let q be k(8). Let z be q/(-4) - (3/(-4) + 1). What is the greatest common factor of z and 18?
18
Let r(f) = -2*f + 41. Let w be r(10). Calculate the greatest common factor of 14 and w.
7
Let v be (-3)/(-4)*-5*-4. Suppose 3*n - 2*k - 5 = v, -5*n + 2*k = -32. Let h be (-12)/(-2) - 12/4. Calculate the greatest common factor of h and n.
3
Suppose -3*w = -8*w + 2520. What is the greatest common divisor of w and 56?
56
Suppose -3*f = 2*q - 5*f - 6, 3*q + 4*f + 5 = 0. Suppose -5*j = -2 - 18. Suppose 3*k - j*k = -1. Calculate the greatest common factor of q and k.
1
Suppose 12*l - 10*l + 2*c = 12, 4*l - 2*c - 54 = 0. What is the greatest common divisor of l and 1441?
11
Let k(h) = 14*h**2 - 15*h - 26. Let s be k(-2). Let m be 1/(-4) - (-242)/8. Calculate the highest common divisor of s and m.
30
Suppose 5*v + 110 = 5*g, 18*g - 19*g = -3*v - 30. Let y = 16 + -10. Calculate the highest common divisor of y and g.
6
Let x be (1*-4)/(6*6/36). Let z be (-6)/(775/(-3960) + x/(-22)). Calculate the greatest common divisor of 48 and z.
48
Let y = -34 - -39. Suppose 4*g = -y*r + 43, g + g = 2*r - 10. Suppose -189 = -2*q - q. What is the highest common divisor of q and r?
7
Suppose 5*p + 5*u = 7*u + 29, -2*u + 1 = p. What is the highest common divisor of p and 45?
5
Let g = -1075 - -1741. What is the greatest common divisor of g and 18?
18
Let z(h) = h - 5. Let y be z(6). Let r(d) be the second derivative of d**3/3 - 15*d**2/2 - 4*d. Let l be r(8). Calculate the highest common divisor of l and y.
1
Suppose -4*u + 70 = 14. Suppose 104 - 328 = -u*f. Calculate the greatest common factor of 8 and f.
8
Let b = 174 + 174. Calculate the highest common divisor of b and 12.
12
Let f(w) = w**2 - 2*w + 192. Let l be f(0). Let o = 1 + 2. Suppose -l = -o*c + c. What is the greatest common factor of 12 and c?
12
Let c(z) = 5*z - 4. Let r be c(4). Let l = 80 + 64. What is the highest common factor of l and r?
16
Let i = 8 - -8. Let x(u) = -u - 8. Let n be x(-6). Let h(g) = -8*g**3 + g + 2. Let b be h(n). What is the highest common factor of b and i?
16
Let m be (2/(-4))/((-14)/28). Suppose -k - 2*x = -m, -2*k + 0*x = 2*x - 6. What is the highest common factor of k and 30?
5
Let q(o) be the second derivative of o**4/6 - o**3/6 + 2*o**2 + 15*o. Let p be q(-3). Calculate the highest common divisor of p and 25.
25
Let l(t) = -297*t**3 + t**2 + 3*t + 2. Let c be l(-1). Let n(q) = 3*q**2 - 17*q - 1. Let u be n(7). What is the highest common divisor of c and u?
27
Suppose -5*f - 2*s + 135 = 0, 4*f + 4*s - 148 = -28. Let p be (10 - 1)/3 + f. What is the greatest common divisor of 196 and p?
28
Let c(v) = 20*v - 16. Let j be (-8)/12*51/2. Let x be c(j). Let m = -26 - x. What is the greatest common divisor of m and 30?
30
Suppose -4*u = -9*u + 75. Let p = 39 + u. Suppose 48 = 2*j + z - 26, 0 = -3*j + 3*z + 102. What is the greatest common factor of j and p?
18
Let w(j) = -j**3 + 3*j**2 + 2*j + 1. Let m be w(2). Suppose -488 = -6*z + 106. What is the greatest common divisor of m and z?
9
Suppose 0*c + 3*c - 54 = 0. Suppose 5 = -8*g + 3*g, -135 = -5*j - 5*g. Let b be 1 + 2 + -4 + j. What is the greatest common factor of b and c?
9
Suppose -14*b + 693 = -3*b. Let u = 9 + 0. Calculate the highest common factor of u and b.
9
Suppose 9*p - 208 + 64 = 0. Calculate the highest common factor of 64 and p.
16
Let c be (-9458)/(-5) + ((-16)/10)/(-4). Let i be (-4)/(-3) - c/(-66). Calculate the greatest common factor of 6 and i.
6
Let y = -4 + 6. Let n be -7 + (-5)/((-20)/116). What is the highest common divisor of n and y?
2
Suppose 3*k - 2*g = 2*g + 9, -2*k + g = -1. Let a be k/(0 - -1) + (-132)/(-4). Calculate the greatest common factor of a and 8.
8
Let x be 65 + (1 + -4)*2. Let r(p) = 28*p**2 - p. Let q be r(-1). Suppose 5*m = -4*n + x, 3*m = -5*n + q + 9. What is the greatest common factor of m and 77?
11
Let z be 10 + -10*3/6. What is the greatest common divisor of 4 and z?
1
Suppose 4*z - 1232 = 5*v, -39*v = -43*v. What is the highest common factor of z and 28?
28
Suppose 5*g + 3*r - 212 = 0, r - 2*r - 116 = -3*g. What is the highest common factor of g and 50?
10
Let f(s) = -2*s**3 - 2*s - 2. Suppose 0 = -0*l + 3*l + 6. Let a be f(l). What is the greatest common divisor of a and 126?
18
Let o(y) = y**2 - 51. Let m be o(-11). Calculate the highest common divisor of m and 40.
10
Let g(y) = 3*y + 6. Let p be g(6). What is the greatest common factor of 156 and p?
12
Suppose 3*a = -167 - 28. Let r = a - -101. What is the greatest common factor of r and 4?
4
Suppose 88 = 5*q + 3*y - 102, -130 = -3*q - 5*y. Let p = 55 - q. What is the greatest common factor of 40 and p?
20
Let t = -220 + 222. Calculate the highest common divisor of t and 22.
2
Let q = 1569 - 1487. Calculate the greatest common divisor of 1271 and q.
41
Suppose -4*b = -0*b + 24. Suppose -11*x + 17*x - 156 = 0. Let z = b + x. What is the highest common divisor of z and 180?
20
Let t be (-324)/(-9) + (4 - 7). Calculate the highest common divisor of t and 891.
33
Let d = 235 + -150. Suppose 2*t = -5*p + 3*p + 10, 0 = p - 2. Suppose t*s - 114 = -3*z, 3*z + 7 = 5*s + 89. What is the highest common factor of d and z?
17
Let u = -349 + 367. What is the highest common factor of 198 and u?
18
Let r be -265*(138/(-15) + 7). What is the highest common factor of 44 and r?
11
Let v = 194 + -187. What is the greatest common divisor of 133 and v?
7
Let r be (-3)/(2 + 7/(-2)). Suppose 0 = 4*f - s + 360, r*f - 2*s + 135 = -45. Let a = f - -138. Calculate the highest common factor of 16 and a.
16
Suppose 0 = -5*o - 4*v + 1538, 0*v = -3*o + 2*v + 936. Calculate the highest common divisor of o and 20.
10
Suppose d = j - 35, 2*j + 23*d = 27*d + 62. Calculate the greatest common factor of 273 and j.
39
Let o be (-581)/(-14)*(-6 + 8). Calculate the greatest common factor of 498 and o.
83
Let z(a) = 14*a**2 + 38*a + 25. Let p(i) = -5*i**2 - 13*i - 8. Let o(c) = -11*p(c) - 4*z(c). Let b be o(-6). Calculate the greatest common factor of b and 24.
6
Let p = -4 - -13. Let v be (-1)/(58/56 + -1). Let y = 31 + v. What is the greatest common factor of p and y?
3
Suppose 5*b + 161 = 2*a, b = 4*a - 263 - 86. What is the highest common divisor of a and 24?
8
Let x(o) = -o**3 + 16*o**2 + 8*o - 54. Let i be x(16). What is the greatest common factor of 1332 and i?
74
Let k(h) = -h**2 + h + 2. Let u be k(-2). Let y = -11 - u. Let c(l) = l**3 + 10*l**2 + 9*l - 7. Let i be c(y). Calculate the greatest common factor of i and 11.
11
Suppose 890 = 3*a + y, -125 = -a - y + 171. What is the greatest common divisor of 27 and a?
27
Let v = 3 + 2. Suppose -210 = 3*f - 8*f + 3*r, 2*r = v*f - 210. Let z be 1/(-4) - 842/(-8). Calculate the greatest common divisor of f and z.
21
Let n(x) = 9*x + 0*x + x**2 + 116 - 92. Let c be n(-5). Calculate the highest common divisor of c and 1.
1
Let g = -2 + 3. Suppose 3 = z - g. Let v = 169 - 159. Calculate the highest common divisor of z and v.
2
Let o(m) = m + 99. Let a be o(0). Let p be 27/(-12